{"id":71,"date":"2023-05-29T20:18:56","date_gmt":"2023-05-29T18:18:56","guid":{"rendered":"https:\/\/fisic-promet.hr\/?page_id=71"},"modified":"2023-07-30T12:59:28","modified_gmt":"2023-07-30T10:59:28","slug":"kontakt","status":"publish","type":"page","link":"https:\/\/fisic-promet.hr\/?page_id=71","title":{"rendered":"Kontakt"},"content":{"rendered":"\n<p><strong>FI\u0160I\u0106 PROMET d.o.o.<\/strong> za prijevoz i trgovinu<\/p>\n\n\n\n<p><strong>OIB:<\/strong> 54386769808<\/p>\n\n\n\n<p><strong>Adresa:<\/strong> Ka\u0161tel Novi, Cesta dr. Franje Tu\u0111mana, Hrvatska<\/p>\n\n\n\n<\/br>\n\n\n\n<p>Kontaktirati nas mo\u017eete na brojeve telefona (Whatsapp, Viber):<\/p>\n\n\n\n<ul class=\"wp-block-list\">\n<li><a href=\"tel:+38763354168\">+387 63 354 168<\/a><\/li>\n\n\n\n<li><a href=\"tel:+4917631057677\">+49 176 31057677<\/a><\/li>\n\n\n\n<li><a href=\"tel:+385958369758\">+385 95 836 9758<\/a><\/li>\n<\/ul>\n\n\n\n<\/br>\n\n\n\n<p>ili preko forme:<\/p>\n\n\n\n<\/br>\n\n\n\n<div class=\"wp-block-contact-form-7-contact-form-selector\">\n<div class=\"wpcf7 no-js\" id=\"wpcf7-f52-o1\" lang=\"en-US\" dir=\"ltr\">\n<div class=\"screen-reader-response\"><p role=\"status\" aria-live=\"polite\" aria-atomic=\"true\"><\/p> <ul><\/ul><\/div>\n<form action=\"\/index.php?rest_route=%2Fwp%2Fv2%2Fpages%2F71#wpcf7-f52-o1\" method=\"post\" class=\"wpcf7-form init\" aria-label=\"Contact form\" novalidate=\"novalidate\" data-status=\"init\">\n<div style=\"display: none;\">\n<input type=\"hidden\" name=\"_wpcf7\" value=\"52\" \/>\n<input type=\"hidden\" name=\"_wpcf7_version\" value=\"5.8\" \/>\n<input type=\"hidden\" name=\"_wpcf7_locale\" value=\"en_US\" \/>\n<input type=\"hidden\" name=\"_wpcf7_unit_tag\" value=\"wpcf7-f52-o1\" \/>\n<input type=\"hidden\" name=\"_wpcf7_container_post\" value=\"0\" \/>\n<input type=\"hidden\" name=\"_wpcf7_posted_data_hash\" value=\"\" \/>\n<\/div>\n<p><label> Va\u0161 ime<br \/>\n<span class=\"wpcf7-form-control-wrap\" data-name=\"your-name\"><input size=\"40\" class=\"wpcf7-form-control wpcf7-text wpcf7-validates-as-required\" autocomplete=\"name\" aria-required=\"true\" aria-invalid=\"false\" value=\"\" type=\"text\" name=\"your-name\" \/><\/span> <\/label>\n<\/p>\n<p><label> Va\u0161 e-mail<br \/>\n<span class=\"wpcf7-form-control-wrap\" data-name=\"your-email\"><input size=\"40\" class=\"wpcf7-form-control wpcf7-email wpcf7-validates-as-required wpcf7-text wpcf7-validates-as-email\" autocomplete=\"email\" aria-required=\"true\" aria-invalid=\"false\" value=\"\" type=\"email\" name=\"your-email\" \/><\/span> <\/label>\n<\/p>\n<p><label> Va\u0161a poruka<br \/>\n<span class=\"wpcf7-form-control-wrap\" data-name=\"your-message\"><textarea cols=\"40\" rows=\"10\" class=\"wpcf7-form-control wpcf7-textarea wpcf7-validates-as-required\" aria-required=\"true\" aria-invalid=\"false\" name=\"your-message\"><\/textarea><\/span> <\/label>\n<\/p>\n<p><input class=\"wpcf7-form-control wpcf7-submit has-spinner\" type=\"submit\" value=\"Po\u0161alji\" \/>\n<\/p><div class=\"wpcf7-response-output\" aria-hidden=\"true\"><\/div>\n<\/form>\n<\/div>\n<\/div>\n","protected":false},"excerpt":{"rendered":"<p>FI\u0160I\u0106 PROMET d.o.o. za prijevoz i trgovinu OIB: 54386769808 Adresa: Ka\u0161tel Novi, Cesta dr. Franje Tu\u0111mana, Hrvatska Kontaktirati nas mo\u017eete na brojeve telefona (Whatsapp, Viber): ili preko forme:<\/p>\n","protected":false},"author":1,"featured_media":0,"parent":0,"menu_order":0,"comment_status":"closed","ping_status":"closed","template":"template-no-sidebar.php","meta":{"ngg_post_thumbnail":0,"footnotes":""},"class_list":["post-71","page","type-page","status-publish","hentry"],"_links":{"self":[{"href":"https:\/\/fisic-promet.hr\/index.php?rest_route=\/wp\/v2\/pages\/71","targetHints":{"allow":["GET"]}}],"collection":[{"href":"https:\/\/fisic-promet.hr\/index.php?rest_route=\/wp\/v2\/pages"}],"about":[{"href":"https:\/\/fisic-promet.hr\/index.php?rest_route=\/wp\/v2\/types\/page"}],"author":[{"embeddable":true,"href":"https:\/\/fisic-promet.hr\/index.php?rest_route=\/wp\/v2\/users\/1"}],"replies":[{"embeddable":true,"href":"https:\/\/fisic-promet.hr\/index.php?rest_route=%2Fwp%2Fv2%2Fcomments&post=71"}],"version-history":[{"count":13,"href":"https:\/\/fisic-promet.hr\/index.php?rest_route=\/wp\/v2\/pages\/71\/revisions"}],"predecessor-version":[{"id":99,"href":"https:\/\/fisic-promet.hr\/index.php?rest_route=\/wp\/v2\/pages\/71\/revisions\/99"}],"wp:attachment":[{"href":"https:\/\/fisic-promet.hr\/index.php?rest_route=%2Fwp%2Fv2%2Fmedia&parent=71"}],"curies":[{"name":"wp","href":"https:\/\/api.w.org\/{rel}","templated":true}]}}